{"id":3291,"date":"2023-08-24T21:48:05","date_gmt":"2023-08-24T19:48:05","guid":{"rendered":"https:\/\/cellercornudella.cat\/el-edificio\/"},"modified":"2023-11-21T22:27:42","modified_gmt":"2023-11-21T20:27:42","slug":"el-edificio","status":"publish","type":"page","link":"https:\/\/cellercornudella.cat\/es\/el-edificio\/","title":{"rendered":"El Edificio"},"content":{"rendered":"<p>[et_pb_section fb_built=\u00bb1&#8243; _builder_version=\u00bb4.22.1&#8243; _module_preset=\u00bbdefault\u00bb global_colors_info=\u00bb{}\u00bb][et_pb_row _builder_version=\u00bb4.22.1&#8243; _module_preset=\u00bbdefault\u00bb width=\u00bb100%\u00bb max_width=\u00bb80%\u00bb global_colors_info=\u00bb{}\u00bb][et_pb_column type=\u00bb4_4&#8243; _builder_version=\u00bb4.22.1&#8243; _module_preset=\u00bbdefault\u00bb global_colors_info=\u00bb{}\u00bb][et_pb_post_title meta=\u00bboff\u00bb featured_image=\u00bboff\u00bb _builder_version=\u00bb4.22.1&#8243; _module_preset=\u00bbdefault\u00bb title_font=\u00bbAlata|700||on|||||\u00bb title_text_align=\u00bbcenter\u00bb title_font_size=\u00bb50px\u00bb title_letter_spacing=\u00bb2px\u00bb custom_margin=\u00bb||5px||false|false\u00bb global_colors_info=\u00bb{}\u00bb][\/et_pb_post_title][et_pb_divider color=\u00bb#333333&#8243; divider_weight=\u00bb2px\u00bb _builder_version=\u00bb4.22.1&#8243; _module_preset=\u00bbdefault\u00bb width=\u00bb25%\u00bb module_alignment=\u00bbcenter\u00bb global_colors_info=\u00bb{}\u00bb][\/et_pb_divider][et_pb_image src=\u00bbhttps:\/\/cellercornudella.cat\/wp-content\/uploads\/2023\/08\/CELLER_-4.jpg\u00bb title_text=\u00bbCELLER_-4&#8243; _builder_version=\u00bb4.22.1&#8243; _module_preset=\u00bbdefault\u00bb global_colors_info=\u00bb{}\u00bb][\/et_pb_image][\/et_pb_column][\/et_pb_row][et_pb_row column_structure=\u00bb1_2,1_2&#8243; make_equal=\u00bbon\u00bb _builder_version=\u00bb4.22.1&#8243; _module_preset=\u00bbdefault\u00bb width=\u00bb100%\u00bb max_width=\u00bb80%\u00bb custom_css_main_element=\u00bbalign-items:center;\u00bb global_colors_info=\u00bb{}\u00bb][et_pb_column type=\u00bb1_2&#8243; _builder_version=\u00bb4.22.1&#8243; _module_preset=\u00bbdefault\u00bb global_colors_info=\u00bb{}\u00bb][et_pb_text _builder_version=\u00bb4.22.1&#8243; _module_preset=\u00bbdefault\u00bb header_font=\u00bbAlata|700|||||||\u00bb custom_margin=\u00bb||20px||false|false\u00bb global_colors_info=\u00bb{}\u00bb]<\/p>\n<h1>CARACTER\u00cdSTICAS ARQUITECT\u00d3NICAS<\/h1>\n<p>[\/et_pb_text][et_pb_text _builder_version=\u00bb4.22.1&#8243; _module_preset=\u00bbdefault\u00bb text_line_height=\u00bb2em\u00bb header_font=\u00bbAlata||||||||\u00bb text_orientation=\u00bbjustified\u00bb custom_margin=\u00bb||21px|||\u00bb global_colors_info=\u00bb{}\u00bb]<\/p>\n<p><span>La Bodega Cooperativa de Cornudella de Montsant est\u00e1 considerada una de las \u201cCatedrales del Vino\u201d que se erigieron en el territorio catal\u00e1n, y muy especialmente en la provincia de Tarragona, entre los a\u00f1os 1910 y 1920. Estas bodegas fueron una de las representaciones m\u00e1s claras del modernismo y el novecentismo en las zonas rurales. La arquitectura al servicio del campesinado. Los principales arquitectos de estas bodegas fueron Pere Dom\u00e8nech i Roura (hijo de Llu\u00eds Dom\u00e8nech i Montaner) y C\u00e8sar Martinell (disc\u00edpulo de Antoni Gaud\u00ed).<\/span><\/p>\n<p><span>C\u00e8sar Martinell (1888-1973) pens\u00f3, para Cornudella y para otros muchos pueblos, una bodega del todo racional e innovador. Un edificio completo con gran espectacularidad arquitect\u00f3nica ya la vez una enorme funcionalidad.<\/span><\/p>\n<p><span><\/span><\/p>\n<p>[\/et_pb_text][\/et_pb_column][et_pb_column type=\u00bb1_2&#8243; _builder_version=\u00bb4.22.1&#8243; _module_preset=\u00bbdefault\u00bb global_colors_info=\u00bb{}\u00bb][et_pb_image src=\u00bbhttps:\/\/cellercornudella.cat\/wp-content\/uploads\/2023\/08\/celler-img-1922.jpg\u00bb title_text=\u00bbceller-img-1922&#8243; _builder_version=\u00bb4.22.1&#8243; _module_preset=\u00bbdefault\u00bb global_colors_info=\u00bb{}\u00bb][\/et_pb_image][\/et_pb_column][\/et_pb_row][et_pb_row column_structure=\u00bb1_2,1_2&#8243; make_equal=\u00bbon\u00bb _builder_version=\u00bb4.22.1&#8243; _module_preset=\u00bbdefault\u00bb width=\u00bb100%\u00bb max_width=\u00bb80%\u00bb custom_css_main_element=\u00bbalign-items:center;\u00bb global_colors_info=\u00bb{}\u00bb][et_pb_column type=\u00bb1_2&#8243; _builder_version=\u00bb4.22.1&#8243; _module_preset=\u00bbdefault\u00bb global_colors_info=\u00bb{}\u00bb][et_pb_image src=\u00bbhttps:\/\/cellercornudella.cat\/wp-content\/uploads\/2023\/08\/arqui-1.jpg\u00bb title_text=\u00bbarqui-1&#8243; _builder_version=\u00bb4.22.1&#8243; _module_preset=\u00bbdefault\u00bb global_colors_info=\u00bb{}\u00bb][\/et_pb_image][\/et_pb_column][et_pb_column type=\u00bb1_2&#8243; _builder_version=\u00bb4.22.1&#8243; _module_preset=\u00bbdefault\u00bb global_colors_info=\u00bb{}\u00bb][et_pb_text _builder_version=\u00bb4.22.1&#8243; _module_preset=\u00bbdefault\u00bb text_line_height=\u00bb2em\u00bb header_font=\u00bbAlata||||||||\u00bb text_orientation=\u00bbjustified\u00bb custom_margin=\u00bb||21px|||\u00bb global_colors_info=\u00bb{}\u00bb]<\/p>\n<p><span>En la fachada principal destacamos la piedra aut\u00f3ctona, el ladrillo como elemento decorativo \u2013no s\u00f3lo constructivo\u2013, cuatro aberturas bajas de ventilaci\u00f3n, la apertura de medio punto y la magn\u00edfica zona superior con ocho ventanas romboidales a cada lado y tres centrales separadas por pilastras de ladrillo, que en la parte superior forman una celos\u00eda de ladrillo visto y decorada con baldosa vidriada policromada.<\/span><\/p>\n<p><span><\/span><\/p>\n<p>[\/et_pb_text][\/et_pb_column][\/et_pb_row][et_pb_row column_structure=\u00bb1_2,1_2&#8243; make_equal=\u00bbon\u00bb _builder_version=\u00bb4.22.1&#8243; _module_preset=\u00bbdefault\u00bb width=\u00bb100%\u00bb max_width=\u00bb80%\u00bb custom_css_main_element=\u00bbalign-items:center;\u00bb global_colors_info=\u00bb{}\u00bb][et_pb_column type=\u00bb1_2&#8243; _builder_version=\u00bb4.22.1&#8243; _module_preset=\u00bbdefault\u00bb global_colors_info=\u00bb{}\u00bb][et_pb_text _builder_version=\u00bb4.22.1&#8243; _module_preset=\u00bbdefault\u00bb text_line_height=\u00bb2em\u00bb header_font=\u00bbAlata||||||||\u00bb text_orientation=\u00bbjustified\u00bb custom_margin=\u00bb||21px|||\u00bb global_colors_info=\u00bb{}\u00bb]<\/p>\n<p><span>El edificio consta de una nave central coronada con una cubierta cerrada a dos aguas construida con vigas de madera y recubierta con la tradicional teja \u00e1rabe. La nave puede dividirse en dos grandes plantas donde se encuentran los dos niveles de tinas. Las tinas se distribuyen, en cada una de las plantas, en hileras de sed. En total veintiocho tinas de hormig\u00f3n son las que integran el proyecto original de Martinell, catorce en cada planta. Como peculiaridad de esta bodega destaca la forma pseudorectangular de las tinas del nivel superior.<\/span><\/p>\n<p><span><\/span><\/p>\n<p>[\/et_pb_text][\/et_pb_column][et_pb_column type=\u00bb1_2&#8243; _builder_version=\u00bb4.22.1&#8243; _module_preset=\u00bbdefault\u00bb global_colors_info=\u00bb{}\u00bb][et_pb_image src=\u00bbhttps:\/\/cellercornudella.cat\/wp-content\/uploads\/2023\/08\/arqui-2.jpg\u00bb title_text=\u00bbarqui-2&#8243; _builder_version=\u00bb4.22.1&#8243; _module_preset=\u00bbdefault\u00bb global_colors_info=\u00bb{}\u00bb][\/et_pb_image][\/et_pb_column][\/et_pb_row][et_pb_row column_structure=\u00bb1_2,1_2&#8243; make_equal=\u00bbon\u00bb _builder_version=\u00bb4.22.1&#8243; _module_preset=\u00bbdefault\u00bb width=\u00bb100%\u00bb max_width=\u00bb80%\u00bb custom_css_main_element=\u00bbalign-items:center;\u00bb global_colors_info=\u00bb{}\u00bb][et_pb_column type=\u00bb1_2&#8243; _builder_version=\u00bb4.22.1&#8243; _module_preset=\u00bbdefault\u00bb global_colors_info=\u00bb{}\u00bb][et_pb_image src=\u00bbhttps:\/\/cellercornudella.cat\/wp-content\/uploads\/2023\/08\/arqui-3.jpg\u00bb title_text=\u00bbarqui-3&#8243; _builder_version=\u00bb4.22.1&#8243; _module_preset=\u00bbdefault\u00bb global_colors_info=\u00bb{}\u00bb][\/et_pb_image][\/et_pb_column][et_pb_column type=\u00bb1_2&#8243; _builder_version=\u00bb4.22.1&#8243; _module_preset=\u00bbdefault\u00bb global_colors_info=\u00bb{}\u00bb][et_pb_text _builder_version=\u00bb4.22.1&#8243; _module_preset=\u00bbdefault\u00bb text_line_height=\u00bb2em\u00bb header_font=\u00bbAlata||||||||\u00bb text_orientation=\u00bbjustified\u00bb custom_margin=\u00bb||21px|||\u00bb global_colors_info=\u00bb{}\u00bb]<\/p>\n<p><span>En la planta inferior las tinas son cil\u00edndricas y se encuentran situadas en el centro de la nave. Se accede por unos pasillos laterales cubiertos con arcos parab\u00f3licos o gaudinianos que arrancan desde el suelo. Estos arcos y la b\u00f3veda catalana que los separa son los que soportan el peso de las tinas superiores.<\/span><\/p>\n<p><span><\/span><\/p>\n<p>[\/et_pb_text][\/et_pb_column][\/et_pb_row][et_pb_row column_structure=\u00bb1_2,1_2&#8243; make_equal=\u00bbon\u00bb _builder_version=\u00bb4.22.1&#8243; _module_preset=\u00bbdefault\u00bb width=\u00bb100%\u00bb max_width=\u00bb80%\u00bb custom_css_main_element=\u00bbalign-items:center;\u00bb global_colors_info=\u00bb{}\u00bb][et_pb_column type=\u00bb1_2&#8243; _builder_version=\u00bb4.22.1&#8243; _module_preset=\u00bbdefault\u00bb global_colors_info=\u00bb{}\u00bb][et_pb_text _builder_version=\u00bb4.22.1&#8243; _module_preset=\u00bbdefault\u00bb text_line_height=\u00bb2em\u00bb header_font=\u00bbAlata||||||||\u00bb text_orientation=\u00bbjustified\u00bb custom_margin=\u00bb||21px|||\u00bb global_colors_info=\u00bb{}\u00bb]<\/p>\n<div id=\"content\" class=\"site-content\">\n<div id=\"primary\" class=\"content-area\"><main id=\"main\" class=\"site-main-page\" role=\"main\"><\/p>\n<article id=\"post-97\" class=\"post-97 page type-page status-publish hentry\">\n<div class=\"entry-content\">\n<p><span>Conviene destacar aqu\u00ed tambi\u00e9n las partes m\u00e1s importantes de una arquitectura muy funcional. En primer lugar, las aberturas de ventilaci\u00f3n, a fin de que se puedan expulsar los gases nocivos producidos con la fermentaci\u00f3n y tambi\u00e9n para que \u00e9sta se d\u00e9 a la temperatura id\u00f3nea. Y por \u00faltimo, el ingenio de hacer que la mayor parte de los procesos se realicen por decantaci\u00f3n, es decir, por gravedad.<\/span><\/p>\n<\/div>\n<\/article>\n<p><\/main><\/div>\n<\/div>\n<p><span><\/span><\/p>\n<p>[\/et_pb_text][\/et_pb_column][et_pb_column type=\u00bb1_2&#8243; _builder_version=\u00bb4.22.1&#8243; _module_preset=\u00bbdefault\u00bb global_colors_info=\u00bb{}\u00bb][et_pb_image src=\u00bbhttps:\/\/cellercornudella.cat\/wp-content\/uploads\/2023\/08\/arqui-4.jpg\u00bb title_text=\u00bbarqui-4&#8243; _builder_version=\u00bb4.22.1&#8243; _module_preset=\u00bbdefault\u00bb global_colors_info=\u00bb{}\u00bb][\/et_pb_image][\/et_pb_column][\/et_pb_row][\/et_pb_section]<\/p>\n","protected":false},"excerpt":{"rendered":"<p>CARACTER\u00cdSTICAS ARQUITECT\u00d3NICASLa Bodega Cooperativa de Cornudella de Montsant est\u00e1 considerada una de las \u201cCatedrales del Vino\u201d que se erigieron en el territorio catal\u00e1n, y muy especialmente en la provincia de Tarragona, entre los a\u00f1os 1910 y 1920. Estas bodegas fueron una de las representaciones m\u00e1s claras del modernismo y el novecentismo en las zonas rurales. [&hellip;]<\/p>\n","protected":false},"author":1,"featured_media":0,"parent":0,"menu_order":30,"comment_status":"closed","ping_status":"closed","template":"","meta":{"_acf_changed":false,"_et_pb_use_builder":"on","_et_pb_old_content":"","_et_gb_content_width":"","footnotes":""},"class_list":["post-3291","page","type-page","status-publish","hentry"],"acf":[],"_links":{"self":[{"href":"https:\/\/cellercornudella.cat\/es\/wp-json\/wp\/v2\/pages\/3291","targetHints":{"allow":["GET"]}}],"collection":[{"href":"https:\/\/cellercornudella.cat\/es\/wp-json\/wp\/v2\/pages"}],"about":[{"href":"https:\/\/cellercornudella.cat\/es\/wp-json\/wp\/v2\/types\/page"}],"author":[{"embeddable":true,"href":"https:\/\/cellercornudella.cat\/es\/wp-json\/wp\/v2\/users\/1"}],"replies":[{"embeddable":true,"href":"https:\/\/cellercornudella.cat\/es\/wp-json\/wp\/v2\/comments?post=3291"}],"version-history":[{"count":0,"href":"https:\/\/cellercornudella.cat\/es\/wp-json\/wp\/v2\/pages\/3291\/revisions"}],"wp:attachment":[{"href":"https:\/\/cellercornudella.cat\/es\/wp-json\/wp\/v2\/media?parent=3291"}],"curies":[{"name":"wp","href":"https:\/\/api.w.org\/{rel}","templated":true}]}}

<p>[et_pb_section fb_built=»1&#8243; _builder_version=»4.22.1&#8243; _module_preset=»default» global_colors_info=»{}»][et_pb_row _builder_version=»4.22.1&#8243; _module_preset=»default» width=»100%» max_width=»80%» global_colors_info=»{}»][et_pb_column type=»4_4&#8243; _builder_version=»4.22.1&#8243; _module_preset=»default» global_colors_info=»{}»][et_pb_post_title meta=»off» featured_image=»off» _builder_version=»4.22.1&#8243; _module_preset=»default» title_font=»Alata|700||on|||||» title_text_align=»center» title_font_size=»50px» title_letter_spacing=»2px» custom_margin=»||5px||false|false» global_colors_info=»{}»][/et_pb_post_title][et_pb_divider color=»#333333&#8243; divider_weight=»2px» _builder_version=»4.22.1&#8243; _module_preset=»default» width=»25%» module_alignment=»center» global_colors_info=»{}»][/et_pb_divider][et_pb_image src=»https://cellercornudella.cat/wp-content/uploads/2023/08/CELLER_-4.jpg» title_text=»CELLER_-4&#8243; _builder_version=»4.22.1&#8243; _module_preset=»default» global_colors_info=»{}»][/et_pb_image][/et_pb_column][/et_pb_row][et_pb_row column_structure=»1_2,1_2&#8243; make_equal=»on» _builder_version=»4.22.1&#8243; _module_preset=»default» width=»100%» max_width=»80%» custom_css_main_element=»align-items:center;» global_colors_info=»{}»][et_pb_column type=»1_2&#8243; _builder_version=»4.22.1&#8243; _module_preset=»default» global_colors_info=»{}»][et_pb_text _builder_version=»4.22.1&#8243; _module_preset=»default» header_font=»Alata|700|||||||» custom_margin=»||20px||false|false» global_colors_info=»{}»]</p>
<h1>CARACTERÍSTICAS ARQUITECTÓNICAS</h1>
<p>[/et_pb_text][et_pb_text _builder_version=»4.22.1&#8243; _module_preset=»default» text_line_height=»2em» header_font=»Alata||||||||» text_orientation=»justified» custom_margin=»||21px|||» global_colors_info=»{}»]</p>
<p><span>La Bodega Cooperativa de Cornudella de Montsant está considerada una de las “Catedrales del Vino” que se erigieron en el territorio catalán, y muy especialmente en la provincia de Tarragona, entre los años 1910 y 1920. Estas bodegas fueron una de las representaciones más claras del modernismo y el novecentismo en las zonas rurales. La arquitectura al servicio del campesinado. Los principales arquitectos de estas bodegas fueron Pere Domènech i Roura (hijo de Lluís Domènech i Montaner) y Cèsar Martinell (discípulo de Antoni Gaudí).</span></p>
<p><span>Cèsar Martinell (1888-1973) pensó, para Cornudella y para otros muchos pueblos, una bodega del todo racional e innovador. Un edificio completo con gran espectacularidad arquitectónica ya la vez una enorme funcionalidad.</span></p>
<p><span></span></p>
<p>[/et_pb_text][/et_pb_column][et_pb_column type=»1_2&#8243; _builder_version=»4.22.1&#8243; _module_preset=»default» global_colors_info=»{}»][et_pb_image src=»https://cellercornudella.cat/wp-content/uploads/2023/08/celler-img-1922.jpg» title_text=»celler-img-1922&#8243; _builder_version=»4.22.1&#8243; _module_preset=»default» global_colors_info=»{}»][/et_pb_image][/et_pb_column][/et_pb_row][et_pb_row column_structure=»1_2,1_2&#8243; make_equal=»on» _builder_version=»4.22.1&#8243; _module_preset=»default» width=»100%» max_width=»80%» custom_css_main_element=»align-items:center;» global_colors_info=»{}»][et_pb_column type=»1_2&#8243; _builder_version=»4.22.1&#8243; _module_preset=»default» global_colors_info=»{}»][et_pb_image src=»https://cellercornudella.cat/wp-content/uploads/2023/08/arqui-1.jpg» title_text=»arqui-1&#8243; _builder_version=»4.22.1&#8243; _module_preset=»default» global_colors_info=»{}»][/et_pb_image][/et_pb_column][et_pb_column type=»1_2&#8243; _builder_version=»4.22.1&#8243; _module_preset=»default» global_colors_info=»{}»][et_pb_text _builder_version=»4.22.1&#8243; _module_preset=»default» text_line_height=»2em» header_font=»Alata||||||||» text_orientation=»justified» custom_margin=»||21px|||» global_colors_info=»{}»]</p>
<p><span>En la fachada principal destacamos la piedra autóctona, el ladrillo como elemento decorativo –no sólo constructivo–, cuatro aberturas bajas de ventilación, la apertura de medio punto y la magnífica zona superior con ocho ventanas romboidales a cada lado y tres centrales separadas por pilastras de ladrillo, que en la parte superior forman una celosía de ladrillo visto y decorada con baldosa vidriada policromada.</span></p>
<p><span></span></p>
<p>[/et_pb_text][/et_pb_column][/et_pb_row][et_pb_row column_structure=»1_2,1_2&#8243; make_equal=»on» _builder_version=»4.22.1&#8243; _module_preset=»default» width=»100%» max_width=»80%» custom_css_main_element=»align-items:center;» global_colors_info=»{}»][et_pb_column type=»1_2&#8243; _builder_version=»4.22.1&#8243; _module_preset=»default» global_colors_info=»{}»][et_pb_text _builder_version=»4.22.1&#8243; _module_preset=»default» text_line_height=»2em» header_font=»Alata||||||||» text_orientation=»justified» custom_margin=»||21px|||» global_colors_info=»{}»]</p>
<p><span>El edificio consta de una nave central coronada con una cubierta cerrada a dos aguas construida con vigas de madera y recubierta con la tradicional teja árabe. La nave puede dividirse en dos grandes plantas donde se encuentran los dos niveles de tinas. Las tinas se distribuyen, en cada una de las plantas, en hileras de sed. En total veintiocho tinas de hormigón son las que integran el proyecto original de Martinell, catorce en cada planta. Como peculiaridad de esta bodega destaca la forma pseudorectangular de las tinas del nivel superior.</span></p>
<p><span></span></p>
<p>[/et_pb_text][/et_pb_column][et_pb_column type=»1_2&#8243; _builder_version=»4.22.1&#8243; _module_preset=»default» global_colors_info=»{}»][et_pb_image src=»https://cellercornudella.cat/wp-content/uploads/2023/08/arqui-2.jpg» title_text=»arqui-2&#8243; _builder_version=»4.22.1&#8243; _module_preset=»default» global_colors_info=»{}»][/et_pb_image][/et_pb_column][/et_pb_row][et_pb_row column_structure=»1_2,1_2&#8243; make_equal=»on» _builder_version=»4.22.1&#8243; _module_preset=»default» width=»100%» max_width=»80%» custom_css_main_element=»align-items:center;» global_colors_info=»{}»][et_pb_column type=»1_2&#8243; _builder_version=»4.22.1&#8243; _module_preset=»default» global_colors_info=»{}»][et_pb_image src=»https://cellercornudella.cat/wp-content/uploads/2023/08/arqui-3.jpg» title_text=»arqui-3&#8243; _builder_version=»4.22.1&#8243; _module_preset=»default» global_colors_info=»{}»][/et_pb_image][/et_pb_column][et_pb_column type=»1_2&#8243; _builder_version=»4.22.1&#8243; _module_preset=»default» global_colors_info=»{}»][et_pb_text _builder_version=»4.22.1&#8243; _module_preset=»default» text_line_height=»2em» header_font=»Alata||||||||» text_orientation=»justified» custom_margin=»||21px|||» global_colors_info=»{}»]</p>
<p><span>En la planta inferior las tinas son cilíndricas y se encuentran situadas en el centro de la nave. Se accede por unos pasillos laterales cubiertos con arcos parabólicos o gaudinianos que arrancan desde el suelo. Estos arcos y la bóveda catalana que los separa son los que soportan el peso de las tinas superiores.</span></p>
<p><span></span></p>
<p>[/et_pb_text][/et_pb_column][/et_pb_row][et_pb_row column_structure=»1_2,1_2&#8243; make_equal=»on» _builder_version=»4.22.1&#8243; _module_preset=»default» width=»100%» max_width=»80%» custom_css_main_element=»align-items:center;» global_colors_info=»{}»][et_pb_column type=»1_2&#8243; _builder_version=»4.22.1&#8243; _module_preset=»default» global_colors_info=»{}»][et_pb_text _builder_version=»4.22.1&#8243; _module_preset=»default» text_line_height=»2em» header_font=»Alata||||||||» text_orientation=»justified» custom_margin=»||21px|||» global_colors_info=»{}»]</p>
<div id="content" class="site-content">
<div id="primary" class="content-area"><main id="main" class="site-main-page" role="main"></p>
<article id="post-97" class="post-97 page type-page status-publish hentry">
<div class="entry-content">
<p><span>Conviene destacar aquí también las partes más importantes de una arquitectura muy funcional. En primer lugar, las aberturas de ventilación, a fin de que se puedan expulsar los gases nocivos producidos con la fermentación y también para que ésta se dé a la temperatura idónea. Y por último, el ingenio de hacer que la mayor parte de los procesos se realicen por decantación, es decir, por gravedad.</span></p>
</div>
</article>
<p></main></div>
</div>
<p><span></span></p>
<p>[/et_pb_text][/et_pb_column][et_pb_column type=»1_2&#8243; _builder_version=»4.22.1&#8243; _module_preset=»default» global_colors_info=»{}»][et_pb_image src=»https://cellercornudella.cat/wp-content/uploads/2023/08/arqui-4.jpg» title_text=»arqui-4&#8243; _builder_version=»4.22.1&#8243; _module_preset=»default» global_colors_info=»{}»][/et_pb_image][/et_pb_column][/et_pb_row][/et_pb_section]</p>

<p>CARACTERÍSTICAS ARQUITECTÓNICASLa Bodega Cooperativa de Cornudella de Montsant está considerada una de las “Catedrales del Vino” que se erigieron en el territorio catalán, y muy especialmente en la provincia de Tarragona, entre los años 1910 y 1920. Estas bodegas fueron una de las representaciones más claras del modernismo y el novecentismo en las zonas rurales. [&hellip;]</p>
