{"id":3361,"date":"2023-09-15T00:39:32","date_gmt":"2023-09-14T22:39:32","guid":{"rendered":"https:\/\/cellercornudella.cat\/enoturismo\/vermut-expres\/"},"modified":"2023-10-01T17:00:49","modified_gmt":"2023-10-01T15:00:49","slug":"vermut-expres","status":"publish","type":"page","link":"https:\/\/cellercornudella.cat\/es\/enoturismo\/vermut-expres\/","title":{"rendered":"Vermut expr\u00e9s"},"content":{"rendered":"<p>[et_pb_section fb_built=\u00bb1&#8243; _builder_version=\u00bb4.16&#8243; custom_padding=\u00bb60px|||||\u00bb global_colors_info=\u00bb{}\u00bb][et_pb_row column_structure=\u00bb1_2,1_2&#8243; _builder_version=\u00bb4.22.1&#8243; _module_preset=\u00bbdefault\u00bb width=\u00bb100%\u00bb max_width=\u00bb80%\u00bb global_colors_info=\u00bb{}\u00bb][et_pb_column type=\u00bb1_2&#8243; _builder_version=\u00bb4.22.1&#8243; _module_preset=\u00bbdefault\u00bb global_colors_info=\u00bb{}\u00bb][et_pb_text admin_label=\u00bbText\u00bb _builder_version=\u00bb4.16&#8243; background_size=\u00bbinitial\u00bb background_position=\u00bbtop_left\u00bb background_repeat=\u00bbrepeat\u00bb global_colors_info=\u00bb{}\u00bb]<\/p>\n<p><img loading=\"lazy\" decoding=\"async\" class=\"alignnone wp-image-1676 size-full\" src=\"http:\/\/ww2.cellercornudella.cat\/wp-content\/uploads\/2019\/05\/vermut_expres_1.jpg\" alt=\"\" width=\"1200\" height=\"800\"><\/p>\n<p>[\/et_pb_text][\/et_pb_column][et_pb_column type=\u00bb1_2&#8243; _builder_version=\u00bb4.22.1&#8243; _module_preset=\u00bbdefault\u00bb global_colors_info=\u00bb{}\u00bb][et_pb_post_title meta=\u00bboff\u00bb featured_image=\u00bboff\u00bb _builder_version=\u00bb4.22.1&#8243; _module_preset=\u00bbdefault\u00bb title_font=\u00bbAlata|700||on|||||\u00bb title_text_align=\u00bbleft\u00bb title_font_size=\u00bb32px\u00bb title_letter_spacing=\u00bb2px\u00bb custom_margin=\u00bb||5px||false|false\u00bb global_colors_info=\u00bb{}\u00bb][\/et_pb_post_title][et_pb_text _builder_version=\u00bb4.22.1&#8243; text_font_size=\u00bb16px\u00bb text_line_height=\u00bb2em\u00bb background_size=\u00bbinitial\u00bb background_position=\u00bbtop_left\u00bb background_repeat=\u00bbrepeat\u00bb global_colors_info=\u00bb{}\u00bb]<\/p>\n<p><strong>El <em>vermut expr\u00e9s<\/em> es una actividad enotur\u00edstica pensada para grupos grandes de m\u00e1s de 30 personas.<\/strong><\/p>\n<p>Durante la actividad, se visitar\u00e1 la parte inferior de la bodega, la zona m\u00e1s modernista del edificio y es donde se observa claramente la influencia de Gaud\u00ed hacia su disc\u00edpulo C\u00e8sar Martinell (arquitecto de nuestra catedral del vino). Descubriremos las principales caracter\u00edsticas de la bodega, se hablar\u00e1 de la producci\u00f3n del vino y finalmente haremos una cata del vermut que elaboramos.<\/p>\n<p><span style=\"color: #000000\"><strong>VISITA ESPECIAL PARA GRUPOS CONCERTADOS.<br \/><\/strong><\/span><\/p>\n<p>[\/et_pb_text][\/et_pb_column][\/et_pb_row][\/et_pb_section][et_pb_section fb_built=\u00bb1&#8243; _builder_version=\u00bb4.16&#8243; global_colors_info=\u00bb{}\u00bb][et_pb_row column_structure=\u00bb1_4,1_4,1_4,1_4&#8243; _builder_version=\u00bb4.22.1&#8243; _module_preset=\u00bbdefault\u00bb width=\u00bb100%\u00bb max_width=\u00bb80%\u00bb global_colors_info=\u00bb{}\u00bb][et_pb_column type=\u00bb1_4&#8243; _builder_version=\u00bb4.22.1&#8243; _module_preset=\u00bbdefault\u00bb global_colors_info=\u00bb{}\u00bb][et_pb_blurb title=\u00bbReserva a convenir\u00bb use_icon=\u00bbon\u00bb font_icon=\u00bb&#xf073;||fa||400&#8243; icon_color=\u00bb#000000&#8243; _builder_version=\u00bb4.22.1&#8243; _module_preset=\u00bbdefault\u00bb header_font=\u00bbAlata|700|||||||\u00bb header_text_align=\u00bbcenter\u00bb header_font_size=\u00bb22px\u00bb body_text_align=\u00bbcenter\u00bb body_line_height=\u00bb2em\u00bb global_colors_info=\u00bb{}\u00bb]<\/p>\n<p><span style=\"color: #000000\">Disponibilidad de lunes a domingo por las ma\u00f1anas y de lunes a viernes por las tardes.<br \/>M\u00ednimo 30 personas adultas<br \/><strong>ATENCI\u00d3N!! Es necesario reservar previamente.<\/strong><\/span><\/p>\n<p>[\/et_pb_blurb][\/et_pb_column][et_pb_column type=\u00bb1_4&#8243; _builder_version=\u00bb4.22.1&#8243; _module_preset=\u00bbdefault\u00bb global_colors_info=\u00bb{}\u00bb][et_pb_blurb title=\u00bbDuraci\u00f3n\u00bb use_icon=\u00bbon\u00bb font_icon=\u00bb&#xf017;||fa||400&#8243; icon_color=\u00bb#000000&#8243; _builder_version=\u00bb4.22.1&#8243; _module_preset=\u00bbdefault\u00bb header_font=\u00bbAlata|700|||||||\u00bb header_text_align=\u00bbcenter\u00bb header_font_size=\u00bb22px\u00bb body_text_align=\u00bbcenter\u00bb body_line_height=\u00bb2em\u00bb global_colors_info=\u00bb{}\u00bb]<\/p>\n<p><span style=\"color: #000000\">Aproximadamente 45 minutos.<\/span><\/p>\n<p>[\/et_pb_blurb][\/et_pb_column][et_pb_column type=\u00bb1_4&#8243; _builder_version=\u00bb4.22.1&#8243; _module_preset=\u00bbdefault\u00bb global_colors_info=\u00bb{}\u00bb][et_pb_blurb title=\u00bbPrecio:\u00bb use_icon=\u00bbon\u00bb font_icon=\u00bb&#xf153;||fa||900&#8243; icon_color=\u00bb#000000&#8243; _builder_version=\u00bb4.22.1&#8243; _module_preset=\u00bbdefault\u00bb header_font=\u00bbAlata|700|||||||\u00bb header_text_align=\u00bbcenter\u00bb header_font_size=\u00bb22px\u00bb body_text_align=\u00bbcenter\u00bb body_line_height=\u00bb2em\u00bb custom_padding=\u00bb||2px|||\u00bb global_colors_info=\u00bb{}\u00bb]<\/p>\n<p><strong>+30 personas:<\/strong> 6 \u20ac \/ persona<br \/><strong>+ 40 personas:<\/strong> 5 \u20ac \/ persona<\/p>\n<p>[\/et_pb_blurb][\/et_pb_column][et_pb_column type=\u00bb1_4&#8243; _builder_version=\u00bb4.22.1&#8243; _module_preset=\u00bbdefault\u00bb global_colors_info=\u00bb{}\u00bb][et_pb_blurb title=\u00bbInformaci\u00f3n adicional\u00bb use_icon=\u00bbon\u00bb font_icon=\u00bb&#xf129;||fa||900&#8243; icon_color=\u00bb#000000&#8243; _builder_version=\u00bb4.22.1&#8243; _module_preset=\u00bbdefault\u00bb header_font=\u00bbAlata|700|||||||\u00bb header_text_align=\u00bbcenter\u00bb header_font_size=\u00bb22px\u00bb body_text_align=\u00bbcenter\u00bb body_line_height=\u00bb2em\u00bb body_link_font=\u00bb|600|||||||\u00bb body_link_text_color=\u00bb#000000&#8243; custom_padding=\u00bb||2px|||\u00bb global_colors_info=\u00bb{}\u00bb]<\/p>\n<p><span style=\"color: #000000\">Consulte disponibilidad en el tel\u00e9fono <a href=\"tel:0034977821313\">977821313<\/a> o bien por correo a <a href=\"activitats@montsantnatura.cat\">activitats@montsantnatura.cat<\/a><\/span><\/p>\n<p>[\/et_pb_blurb][\/et_pb_column][\/et_pb_row][et_pb_row _builder_version=\u00bb4.16&#8243; global_colors_info=\u00bb{}\u00bb][et_pb_column type=\u00bb4_4&#8243; _builder_version=\u00bb4.16&#8243; custom_padding=\u00bb|||\u00bb global_colors_info=\u00bb{}\u00bb custom_padding__hover=\u00bb|||\u00bb][\/et_pb_column][\/et_pb_row][\/et_pb_section][et_pb_section fb_built=\u00bb1&#8243; _builder_version=\u00bb4.22.1&#8243; background_enable_color=\u00bboff\u00bb global_colors_info=\u00bb{}\u00bb][et_pb_row _builder_version=\u00bb4.22.1&#8243; background_color=\u00bb#f3f3f3&#8243; background_size=\u00bbinitial\u00bb background_position=\u00bbtop_left\u00bb background_repeat=\u00bbrepeat\u00bb border_radii=\u00bboff|25px|25px||\u00bb global_colors_info=\u00bb{}\u00bb][et_pb_column type=\u00bb4_4&#8243; _builder_version=\u00bb4.16&#8243; custom_padding=\u00bb|||\u00bb global_colors_info=\u00bb{}\u00bb custom_padding__hover=\u00bb|||\u00bb][et_pb_text _builder_version=\u00bb4.22.1&#8243; header_3_font=\u00bbAlata|700|||||||\u00bb header_3_text_color=\u00bb#000000&#8243; header_3_font_size=\u00bb26px\u00bb background_size=\u00bbinitial\u00bb background_position=\u00bbtop_left\u00bb background_repeat=\u00bbrepeat\u00bb global_colors_info=\u00bb{}\u00bb]<\/p>\n<h3 style=\"text-align: center\">\u00bfTienes alguna duda? Cont\u00e1ctanos!<\/h3>\n<p>[\/et_pb_text][\/et_pb_column][\/et_pb_row][et_pb_row column_structure=\u00bb1_3,1_3,1_3&#8243; _builder_version=\u00bb4.22.1&#8243; background_color=\u00bb#f3f3f3&#8243; background_size=\u00bbinitial\u00bb background_position=\u00bbtop_left\u00bb background_repeat=\u00bbrepeat\u00bb border_radii=\u00bboff|||25px|25px\u00bb global_colors_info=\u00bb{}\u00bb][et_pb_column type=\u00bb1_3&#8243; _builder_version=\u00bb4.16&#8243; custom_padding=\u00bb|||\u00bb global_colors_info=\u00bb{}\u00bb custom_padding__hover=\u00bb|||\u00bb][et_pb_blurb title=\u00bbactivitats@montsantnatura.cat\u00bb use_icon=\u00bbon\u00bb font_icon=\u00bb&#xf0e0;||fa||400&#8243; icon_color=\u00bb#000000&#8243; image_icon_width=\u00bb75px\u00bb _builder_version=\u00bb4.22.1&#8243; _module_preset=\u00bbdefault\u00bb header_font=\u00bbAlata|700|||||||\u00bb header_text_align=\u00bbcenter\u00bb header_font_size=\u00bb20px\u00bb body_text_align=\u00bbcenter\u00bb body_line_height=\u00bb2em\u00bb link_option_url=\u00bbmailto:activitats@montsantnatura.cat\u00bb global_colors_info=\u00bb{}\u00bb][\/et_pb_blurb][\/et_pb_column][et_pb_column type=\u00bb1_3&#8243; _builder_version=\u00bb4.16&#8243; custom_padding=\u00bb|||\u00bb global_colors_info=\u00bb{}\u00bb custom_padding__hover=\u00bb|||\u00bb][et_pb_blurb title=\u00bb977 82 13 13&#8243; use_icon=\u00bbon\u00bb font_icon=\u00bb&#xf879;||fa||900&#8243; icon_color=\u00bb#000000&#8243; image_icon_width=\u00bb75px\u00bb _builder_version=\u00bb4.22.1&#8243; _module_preset=\u00bbdefault\u00bb header_font=\u00bbAlata|700|||||||\u00bb header_text_align=\u00bbcenter\u00bb header_font_size=\u00bb20px\u00bb body_text_align=\u00bbcenter\u00bb body_line_height=\u00bb2em\u00bb link_option_url=\u00bbtel:0034977821313&#8243; global_colors_info=\u00bb{}\u00bb][\/et_pb_blurb][\/et_pb_column][et_pb_column type=\u00bb1_3&#8243; _builder_version=\u00bb4.16&#8243; custom_padding=\u00bb|||\u00bb global_colors_info=\u00bb{}\u00bb custom_padding__hover=\u00bb|||\u00bb][et_pb_blurb title=\u00bb+34 640 77 85 03&#8243; use_icon=\u00bbon\u00bb font_icon=\u00bb&#xf232;||fa||400&#8243; icon_color=\u00bb#000000&#8243; image_icon_width=\u00bb75px\u00bb _builder_version=\u00bb4.22.1&#8243; _module_preset=\u00bbdefault\u00bb header_font=\u00bbAlata|700|||||||\u00bb header_text_align=\u00bbcenter\u00bb header_font_size=\u00bb20px\u00bb body_text_align=\u00bbcenter\u00bb body_line_height=\u00bb2em\u00bb link_option_url=\u00bbhttps:\/\/wa.me\/34640778503&#8243; link_option_url_new_window=\u00bbon\u00bb global_colors_info=\u00bb{}\u00bb][\/et_pb_blurb][\/et_pb_column][\/et_pb_row][\/et_pb_section]<\/p>\n","protected":false},"excerpt":{"rendered":"<p>El vermut expr\u00e9s es una actividad enotur\u00edstica pensada para grupos grandes de m\u00e1s de 30 personas. Durante la actividad, se visitar\u00e1 la parte inferior de la bodega, la zona m\u00e1s modernista del edificio y es donde se observa claramente la influencia de Gaud\u00ed hacia su disc\u00edpulo C\u00e8sar Martinell (arquitecto de nuestra catedral del vino). Descubriremos [&hellip;]<\/p>\n","protected":false},"author":1,"featured_media":0,"parent":3331,"menu_order":0,"comment_status":"closed","ping_status":"closed","template":"","meta":{"_acf_changed":false,"_et_pb_use_builder":"on","_et_pb_old_content":"","_et_gb_content_width":"","footnotes":""},"class_list":["post-3361","page","type-page","status-publish","hentry"],"acf":[],"_links":{"self":[{"href":"https:\/\/cellercornudella.cat\/es\/wp-json\/wp\/v2\/pages\/3361","targetHints":{"allow":["GET"]}}],"collection":[{"href":"https:\/\/cellercornudella.cat\/es\/wp-json\/wp\/v2\/pages"}],"about":[{"href":"https:\/\/cellercornudella.cat\/es\/wp-json\/wp\/v2\/types\/page"}],"author":[{"embeddable":true,"href":"https:\/\/cellercornudella.cat\/es\/wp-json\/wp\/v2\/users\/1"}],"replies":[{"embeddable":true,"href":"https:\/\/cellercornudella.cat\/es\/wp-json\/wp\/v2\/comments?post=3361"}],"version-history":[{"count":0,"href":"https:\/\/cellercornudella.cat\/es\/wp-json\/wp\/v2\/pages\/3361\/revisions"}],"up":[{"embeddable":true,"href":"https:\/\/cellercornudella.cat\/es\/wp-json\/wp\/v2\/pages\/3331"}],"wp:attachment":[{"href":"https:\/\/cellercornudella.cat\/es\/wp-json\/wp\/v2\/media?parent=3361"}],"curies":[{"name":"wp","href":"https:\/\/api.w.org\/{rel}","templated":true}]}}

Vermut exprés

<p>[et_pb_section fb_built=»1&#8243; _builder_version=»4.16&#8243; custom_padding=»60px|||||» global_colors_info=»{}»][et_pb_row column_structure=»1_2,1_2&#8243; _builder_version=»4.22.1&#8243; _module_preset=»default» width=»100%» max_width=»80%» global_colors_info=»{}»][et_pb_column type=»1_2&#8243; _builder_version=»4.22.1&#8243; _module_preset=»default» global_colors_info=»{}»][et_pb_text admin_label=»Text» _builder_version=»4.16&#8243; background_size=»initial» background_position=»top_left» background_repeat=»repeat» global_colors_info=»{}»]</p>
<p><img loading="lazy" decoding="async" class="alignnone wp-image-1676 size-full" src="http://ww2.cellercornudella.cat/wp-content/uploads/2019/05/vermut_expres_1.jpg" alt="" width="1200" height="800"></p>
<p>[/et_pb_text][/et_pb_column][et_pb_column type=»1_2&#8243; _builder_version=»4.22.1&#8243; _module_preset=»default» global_colors_info=»{}»][et_pb_post_title meta=»off» featured_image=»off» _builder_version=»4.22.1&#8243; _module_preset=»default» title_font=»Alata|700||on|||||» title_text_align=»left» title_font_size=»32px» title_letter_spacing=»2px» custom_margin=»||5px||false|false» global_colors_info=»{}»][/et_pb_post_title][et_pb_text _builder_version=»4.22.1&#8243; text_font_size=»16px» text_line_height=»2em» background_size=»initial» background_position=»top_left» background_repeat=»repeat» global_colors_info=»{}»]</p>
<p><strong>El <em>vermut exprés</em> es una actividad enoturística pensada para grupos grandes de más de 30 personas.</strong></p>
<p>Durante la actividad, se visitará la parte inferior de la bodega, la zona más modernista del edificio y es donde se observa claramente la influencia de Gaudí hacia su discípulo Cèsar Martinell (arquitecto de nuestra catedral del vino). Descubriremos las principales características de la bodega, se hablará de la producción del vino y finalmente haremos una cata del vermut que elaboramos.</p>
<p><span style="color: #000000"><strong>VISITA ESPECIAL PARA GRUPOS CONCERTADOS.<br /></strong></span></p>
<p>[/et_pb_text][/et_pb_column][/et_pb_row][/et_pb_section][et_pb_section fb_built=»1&#8243; _builder_version=»4.16&#8243; global_colors_info=»{}»][et_pb_row column_structure=»1_4,1_4,1_4,1_4&#8243; _builder_version=»4.22.1&#8243; _module_preset=»default» width=»100%» max_width=»80%» global_colors_info=»{}»][et_pb_column type=»1_4&#8243; _builder_version=»4.22.1&#8243; _module_preset=»default» global_colors_info=»{}»][et_pb_blurb title=»Reserva a convenir» use_icon=»on» font_icon=»&#xf073;||fa||400&#8243; icon_color=»#000000&#8243; _builder_version=»4.22.1&#8243; _module_preset=»default» header_font=»Alata|700|||||||» header_text_align=»center» header_font_size=»22px» body_text_align=»center» body_line_height=»2em» global_colors_info=»{}»]</p>
<p><span style="color: #000000">Disponibilidad de lunes a domingo por las mañanas y de lunes a viernes por las tardes.<br />Mínimo 30 personas adultas<br /><strong>ATENCIÓN!! Es necesario reservar previamente.</strong></span></p>
<p>[/et_pb_blurb][/et_pb_column][et_pb_column type=»1_4&#8243; _builder_version=»4.22.1&#8243; _module_preset=»default» global_colors_info=»{}»][et_pb_blurb title=»Duración» use_icon=»on» font_icon=»&#xf017;||fa||400&#8243; icon_color=»#000000&#8243; _builder_version=»4.22.1&#8243; _module_preset=»default» header_font=»Alata|700|||||||» header_text_align=»center» header_font_size=»22px» body_text_align=»center» body_line_height=»2em» global_colors_info=»{}»]</p>
<p><span style="color: #000000">Aproximadamente 45 minutos.</span></p>
<p>[/et_pb_blurb][/et_pb_column][et_pb_column type=»1_4&#8243; _builder_version=»4.22.1&#8243; _module_preset=»default» global_colors_info=»{}»][et_pb_blurb title=»Precio:» use_icon=»on» font_icon=»&#xf153;||fa||900&#8243; icon_color=»#000000&#8243; _builder_version=»4.22.1&#8243; _module_preset=»default» header_font=»Alata|700|||||||» header_text_align=»center» header_font_size=»22px» body_text_align=»center» body_line_height=»2em» custom_padding=»||2px|||» global_colors_info=»{}»]</p>
<p><strong>+30 personas:</strong> 6 € / persona<br /><strong>+ 40 personas:</strong> 5 € / persona</p>
<p>[/et_pb_blurb][/et_pb_column][et_pb_column type=»1_4&#8243; _builder_version=»4.22.1&#8243; _module_preset=»default» global_colors_info=»{}»][et_pb_blurb title=»Información adicional» use_icon=»on» font_icon=»&#xf129;||fa||900&#8243; icon_color=»#000000&#8243; _builder_version=»4.22.1&#8243; _module_preset=»default» header_font=»Alata|700|||||||» header_text_align=»center» header_font_size=»22px» body_text_align=»center» body_line_height=»2em» body_link_font=»|600|||||||» body_link_text_color=»#000000&#8243; custom_padding=»||2px|||» global_colors_info=»{}»]</p>
<p><span style="color: #000000">Consulte disponibilidad en el teléfono <a href="tel:0034977821313">977821313</a> o bien por correo a <a href="activitats@montsantnatura.cat">activitats@montsantnatura.cat</a></span></p>
<p>[/et_pb_blurb][/et_pb_column][/et_pb_row][et_pb_row _builder_version=»4.16&#8243; global_colors_info=»{}»][et_pb_column type=»4_4&#8243; _builder_version=»4.16&#8243; custom_padding=»|||» global_colors_info=»{}» custom_padding__hover=»|||»][/et_pb_column][/et_pb_row][/et_pb_section][et_pb_section fb_built=»1&#8243; _builder_version=»4.22.1&#8243; background_enable_color=»off» global_colors_info=»{}»][et_pb_row _builder_version=»4.22.1&#8243; background_color=»#f3f3f3&#8243; background_size=»initial» background_position=»top_left» background_repeat=»repeat» border_radii=»off|25px|25px||» global_colors_info=»{}»][et_pb_column type=»4_4&#8243; _builder_version=»4.16&#8243; custom_padding=»|||» global_colors_info=»{}» custom_padding__hover=»|||»][et_pb_text _builder_version=»4.22.1&#8243; header_3_font=»Alata|700|||||||» header_3_text_color=»#000000&#8243; header_3_font_size=»26px» background_size=»initial» background_position=»top_left» background_repeat=»repeat» global_colors_info=»{}»]</p>
<h3 style="text-align: center">¿Tienes alguna duda? Contáctanos!</h3>
<p>[/et_pb_text][/et_pb_column][/et_pb_row][et_pb_row column_structure=»1_3,1_3,1_3&#8243; _builder_version=»4.22.1&#8243; background_color=»#f3f3f3&#8243; background_size=»initial» background_position=»top_left» background_repeat=»repeat» border_radii=»off|||25px|25px» global_colors_info=»{}»][et_pb_column type=»1_3&#8243; _builder_version=»4.16&#8243; custom_padding=»|||» global_colors_info=»{}» custom_padding__hover=»|||»][et_pb_blurb title=»activitats@montsantnatura.cat» use_icon=»on» font_icon=»&#xf0e0;||fa||400&#8243; icon_color=»#000000&#8243; image_icon_width=»75px» _builder_version=»4.22.1&#8243; _module_preset=»default» header_font=»Alata|700|||||||» header_text_align=»center» header_font_size=»20px» body_text_align=»center» body_line_height=»2em» link_option_url=»mailto:activitats@montsantnatura.cat» global_colors_info=»{}»][/et_pb_blurb][/et_pb_column][et_pb_column type=»1_3&#8243; _builder_version=»4.16&#8243; custom_padding=»|||» global_colors_info=»{}» custom_padding__hover=»|||»][et_pb_blurb title=»977 82 13 13&#8243; use_icon=»on» font_icon=»&#xf879;||fa||900&#8243; icon_color=»#000000&#8243; image_icon_width=»75px» _builder_version=»4.22.1&#8243; _module_preset=»default» header_font=»Alata|700|||||||» header_text_align=»center» header_font_size=»20px» body_text_align=»center» body_line_height=»2em» link_option_url=»tel:0034977821313&#8243; global_colors_info=»{}»][/et_pb_blurb][/et_pb_column][et_pb_column type=»1_3&#8243; _builder_version=»4.16&#8243; custom_padding=»|||» global_colors_info=»{}» custom_padding__hover=»|||»][et_pb_blurb title=»+34 640 77 85 03&#8243; use_icon=»on» font_icon=»&#xf232;||fa||400&#8243; icon_color=»#000000&#8243; image_icon_width=»75px» _builder_version=»4.22.1&#8243; _module_preset=»default» header_font=»Alata|700|||||||» header_text_align=»center» header_font_size=»20px» body_text_align=»center» body_line_height=»2em» link_option_url=»https://wa.me/34640778503&#8243; link_option_url_new_window=»on» global_colors_info=»{}»][/et_pb_blurb][/et_pb_column][/et_pb_row][/et_pb_section]</p>

<p>El vermut exprés es una actividad enoturística pensada para grupos grandes de más de 30 personas. Durante la actividad, se visitará la parte inferior de la bodega, la zona más modernista del edificio y es donde se observa claramente la influencia de Gaudí hacia su discípulo Cèsar Martinell (arquitecto de nuestra catedral del vino). Descubriremos [&hellip;]</p>
